{"id":63,"date":"2023-02-13T15:50:14","date_gmt":"2023-02-13T15:50:14","guid":{"rendered":"https:\/\/malmokanot.se\/maraton\/?page_id=63"},"modified":"2023-04-28T04:48:50","modified_gmt":"2023-04-28T04:48:50","slug":"transportation","status":"publish","type":"page","link":"https:\/\/malmokanot.se\/maraton\/information\/transportation\/","title":{"rendered":"Transportation"},"content":{"rendered":"\n<p class=\"has-dark-blue-color has-text-color has-medium-font-size\"><strong>Malm\u00f6 is strategically located at the very south-western tip of Sweden, and well connected to the rest of Europe. Making domestic and international travel by car, train or air really easy!<\/strong><\/p>\n\n\n\n<div style=\"height:35px\" aria-hidden=\"true\" class=\"wp-block-spacer\"><\/div>\n\n\n\n<div class=\"wp-block-columns is-layout-flex wp-container-core-columns-is-layout-9d6595d7 wp-block-columns-is-layout-flex\">\n<div class=\"wp-block-column is-layout-flow wp-block-column-is-layout-flow\" style=\"flex-basis:33.33%\">\n<p class=\"has-dark-blue-color has-text-color\"><strong>By road<\/strong><\/p>\n\n\n\n<p>Malm\u00f6 is well connected to European highway system and easy accesible by the \u00d6resund Bridge and several ferry lines.<\/p>\n\n\n\n<p class=\"has-dark-blue-color has-text-color\"><strong>By train<\/strong><\/p>\n\n\n\n<p>The easiest way to reach Malm\u00f6 is by train and the central station is situated right in the middle of the city, just short of 1 km from the competition area.<\/p>\n\n\n\n<p class=\"has-dark-blue-color has-text-color\"><strong>By Air<\/strong><\/p>\n\n\n\n<p>The closest airports are Kastrup, in Copenhagen just across the bridge, and Sturup, 25 km east of Malm\u00f6.<\/p>\n<\/div>\n\n\n\n<div class=\"wp-block-column is-layout-flow wp-block-column-is-layout-flow\" style=\"flex-basis:66.66%\">\n<figure class=\"wp-block-image size-large\"><a href=\"https:\/\/malmokanot.se\/maraton\/wp-content\/uploads\/2023\/04\/map_skane-01.jpg\"><img loading=\"lazy\" decoding=\"async\" width=\"1024\" height=\"571\" src=\"https:\/\/malmokanot.se\/maraton\/wp-content\/uploads\/2023\/04\/map_skane-01-1024x571.jpg\" alt=\"\" class=\"wp-image-394\" srcset=\"https:\/\/malmokanot.se\/maraton\/wp-content\/uploads\/2023\/04\/map_skane-01-1024x571.jpg 1024w, https:\/\/malmokanot.se\/maraton\/wp-content\/uploads\/2023\/04\/map_skane-01-300x167.jpg 300w, https:\/\/malmokanot.se\/maraton\/wp-content\/uploads\/2023\/04\/map_skane-01-768x428.jpg 768w, https:\/\/malmokanot.se\/maraton\/wp-content\/uploads\/2023\/04\/map_skane-01.jpg 1111w\" sizes=\"auto, (max-width: 1024px) 100vw, 1024px\" \/><\/a><\/figure>\n<\/div>\n<\/div>\n\n\n\n<div style=\"height:55px\" aria-hidden=\"true\" class=\"wp-block-spacer\"><\/div>\n\n\n\n<div class=\"wp-block-columns is-layout-flex wp-container-core-columns-is-layout-9d6595d7 wp-block-columns-is-layout-flex\">\n<div class=\"wp-block-column is-layout-flow wp-block-column-is-layout-flow\" style=\"flex-basis:66.66%\">\n<figure class=\"wp-block-image size-large\"><a href=\"https:\/\/malmokanot.se\/maraton\/wp-content\/uploads\/2023\/04\/map_park-01.jpg\"><img loading=\"lazy\" decoding=\"async\" width=\"1024\" height=\"784\" src=\"https:\/\/malmokanot.se\/maraton\/wp-content\/uploads\/2023\/04\/map_park-01-1024x784.jpg\" alt=\"\" class=\"wp-image-466\" srcset=\"https:\/\/malmokanot.se\/maraton\/wp-content\/uploads\/2023\/04\/map_park-01-1024x784.jpg 1024w, https:\/\/malmokanot.se\/maraton\/wp-content\/uploads\/2023\/04\/map_park-01-300x230.jpg 300w, https:\/\/malmokanot.se\/maraton\/wp-content\/uploads\/2023\/04\/map_park-01-768x588.jpg 768w, https:\/\/malmokanot.se\/maraton\/wp-content\/uploads\/2023\/04\/map_park-01-1536x1176.jpg 1536w, https:\/\/malmokanot.se\/maraton\/wp-content\/uploads\/2023\/04\/map_park-01.jpg 1798w\" sizes=\"auto, (max-width: 1024px) 100vw, 1024px\" \/><\/a><\/figure>\n<\/div>\n\n\n\n<div class=\"wp-block-column is-layout-flow wp-block-column-is-layout-flow\" style=\"flex-basis:33.33%\">\n<p class=\"has-dark-blue-color has-text-color\"><strong>Parking<\/strong><\/p>\n\n\n\n<p>There is no parking at the canoe club but plenty of space nearby. Here are some examples.<\/p>\n\n\n\n<p><strong>Note:<\/strong> Slottsgatan is closed for traffic so the only way to the canoe club is by Mariedalsv\u00e4gen and Malm\u00f6husv\u00e4gen.<\/p>\n<\/div>\n<\/div>\n\n\n\n<div style=\"height:55px\" aria-hidden=\"true\" class=\"wp-block-spacer\"><\/div>\n\n\n\n<figure class=\"wp-block-image size-full\"><img loading=\"lazy\" decoding=\"async\" width=\"1500\" height=\"30\" src=\"https:\/\/malmokanot.se\/maraton\/wp-content\/uploads\/2023\/02\/line.jpg\" alt=\"\" class=\"wp-image-139\" srcset=\"https:\/\/malmokanot.se\/maraton\/wp-content\/uploads\/2023\/02\/line.jpg 1500w, https:\/\/malmokanot.se\/maraton\/wp-content\/uploads\/2023\/02\/line-300x6.jpg 300w, https:\/\/malmokanot.se\/maraton\/wp-content\/uploads\/2023\/02\/line-1024x20.jpg 1024w, https:\/\/malmokanot.se\/maraton\/wp-content\/uploads\/2023\/02\/line-768x15.jpg 768w\" sizes=\"auto, (max-width: 1500px) 100vw, 1500px\" \/><\/figure>\n\n\n\n<p><\/p>\n","protected":false},"excerpt":{"rendered":"<p>Malm\u00f6 is strategically located at the very south-western tip of Sweden, and well connected to the rest of Europe. Making domestic and international travel by car, train or air really easy! By road Malm\u00f6 is well connected to European highway system and easy accesible by the \u00d6resund Bridge and several ferry lines. By train The &#8230; <a title=\"Transportation\" class=\"read-more\" href=\"https:\/\/malmokanot.se\/maraton\/information\/transportation\/\" aria-label=\"More on Transportation\">Read more<\/a><\/p>\n","protected":false},"author":1,"featured_media":0,"parent":30,"menu_order":2,"comment_status":"closed","ping_status":"closed","template":"","meta":{"footnotes":""},"class_list":["post-63","page","type-page","status-publish"],"_links":{"self":[{"href":"https:\/\/malmokanot.se\/maraton\/wp-json\/wp\/v2\/pages\/63","targetHints":{"allow":["GET"]}}],"collection":[{"href":"https:\/\/malmokanot.se\/maraton\/wp-json\/wp\/v2\/pages"}],"about":[{"href":"https:\/\/malmokanot.se\/maraton\/wp-json\/wp\/v2\/types\/page"}],"author":[{"embeddable":true,"href":"https:\/\/malmokanot.se\/maraton\/wp-json\/wp\/v2\/users\/1"}],"replies":[{"embeddable":true,"href":"https:\/\/malmokanot.se\/maraton\/wp-json\/wp\/v2\/comments?post=63"}],"version-history":[{"count":13,"href":"https:\/\/malmokanot.se\/maraton\/wp-json\/wp\/v2\/pages\/63\/revisions"}],"predecessor-version":[{"id":470,"href":"https:\/\/malmokanot.se\/maraton\/wp-json\/wp\/v2\/pages\/63\/revisions\/470"}],"up":[{"embeddable":true,"href":"https:\/\/malmokanot.se\/maraton\/wp-json\/wp\/v2\/pages\/30"}],"wp:attachment":[{"href":"https:\/\/malmokanot.se\/maraton\/wp-json\/wp\/v2\/media?parent=63"}],"curies":[{"name":"wp","href":"https:\/\/api.w.org\/{rel}","templated":true}]}}