{"id":61,"date":"2023-02-13T15:49:46","date_gmt":"2023-02-13T15:49:46","guid":{"rendered":"https:\/\/malmokanot.se\/maraton\/?page_id=61"},"modified":"2023-04-06T07:01:46","modified_gmt":"2023-04-06T07:01:46","slug":"accommodation","status":"publish","type":"page","link":"https:\/\/malmokanot.se\/maraton\/information\/accommodation\/","title":{"rendered":"Accommodation"},"content":{"rendered":"\n<div style=\"height:35px\" aria-hidden=\"true\" class=\"wp-block-spacer\"><\/div>\n\n\n\n<p class=\"has-dark-blue-color has-text-color has-medium-font-size\"><strong>There are a wide range of alternatives for your stay in Malm\u00f6. Here are just a few&#8230;<\/strong><\/p>\n\n\n\n<p class=\"has-dark-blue-color has-text-color has-medium-font-size\"><strong>Camping<\/strong><\/p>\n\n\n\n<p><strong><a href=\"https:\/\/firstcamp.se\/destinationer\/sibbarp-malmo\">First Camp Sibbarp &#8211; Malm\u00f6<\/a><br><a href=\"https:\/\/lommacamping.se\">Lomma Camping<\/a><br><a href=\"https:\/\/trelleborgstrand.se\">Trelleborg Strand<\/a><br><a href=\"https:\/\/barsebackstrandscamping.se\">Barseb\u00e4ckstrand Camping<\/a><\/strong><\/p>\n\n\n\n<p class=\"has-dark-blue-color has-text-color has-medium-font-size\"><strong>Hostels<\/strong><\/p>\n\n\n\n<p><strong><a href=\"https:\/\/www.hotelnhostel.se\">Hotel n&#8217; Hostel Malm\u00f6<\/a><br><a href=\"https:\/\/www.rutochragnars.se\">Rut &amp; Ragnars vandrarhem<\/a><br><a href=\"https:\/\/www.momenthotels.com\/en\">Moment Hotels<\/a><br><a href=\"https:\/\/enmvandrarhem.traveleto.com\">E &amp; M Vandrarhem<\/a><br><a href=\"https:\/\/www.svenskaturistforeningen.se\/boende\/stf-malmo-ohboy-hotell\/\">STF Ohboy Hotell Malm\u00f6<\/a><\/strong><\/p>\n\n\n\n<p class=\"has-dark-blue-color has-text-color has-medium-font-size\"><strong>Hotels<\/strong><\/p>\n\n\n\n<p><strong>There are many hotels in all price classes in central Malm\u00f6.<\/strong> Many of them within walking distance from the competition area and with a view over the race course! Please use a search engine, TripAdvisor or similar.<\/p>\n\n\n\n<p class=\"has-dark-blue-color has-text-color has-medium-font-size\"><strong>Visit Malm\u00f6<\/strong><\/p>\n\n\n\n<p><strong>For more inspiration, <\/strong>information, what to do and see during your stay in Malm\u00f6, please visit <a href=\"https:\/\/malmo.se\/Welcome-to-Malmo\/Visit-Malmo.html\"><strong>Malm\u00f6 stads website here!<\/strong><\/a><\/p>\n\n\n\n<div style=\"height:55px\" aria-hidden=\"true\" class=\"wp-block-spacer\"><\/div>\n\n\n\n<figure class=\"wp-block-image size-full\"><img loading=\"lazy\" decoding=\"async\" width=\"1500\" height=\"30\" src=\"https:\/\/malmokanot.se\/maraton\/wp-content\/uploads\/2023\/02\/line.jpg\" alt=\"\" class=\"wp-image-139\" srcset=\"https:\/\/malmokanot.se\/maraton\/wp-content\/uploads\/2023\/02\/line.jpg 1500w, https:\/\/malmokanot.se\/maraton\/wp-content\/uploads\/2023\/02\/line-300x6.jpg 300w, https:\/\/malmokanot.se\/maraton\/wp-content\/uploads\/2023\/02\/line-1024x20.jpg 1024w, https:\/\/malmokanot.se\/maraton\/wp-content\/uploads\/2023\/02\/line-768x15.jpg 768w\" sizes=\"auto, (max-width: 1500px) 100vw, 1500px\" \/><\/figure>\n","protected":false},"excerpt":{"rendered":"<p>There are a wide range of alternatives for your stay in Malm\u00f6. Here are just a few&#8230; Camping First Camp Sibbarp &#8211; Malm\u00f6Lomma CampingTrelleborg StrandBarseb\u00e4ckstrand Camping Hostels Hotel n&#8217; Hostel Malm\u00f6Rut &amp; Ragnars vandrarhemMoment HotelsE &amp; M VandrarhemSTF Ohboy Hotell Malm\u00f6 Hotels There are many hotels in all price classes in central Malm\u00f6. Many of &#8230; <a title=\"Accommodation\" class=\"read-more\" href=\"https:\/\/malmokanot.se\/maraton\/information\/accommodation\/\" aria-label=\"More on Accommodation\">Read more<\/a><\/p>\n","protected":false},"author":1,"featured_media":0,"parent":30,"menu_order":3,"comment_status":"closed","ping_status":"closed","template":"","meta":{"footnotes":""},"class_list":["post-61","page","type-page","status-publish"],"_links":{"self":[{"href":"https:\/\/malmokanot.se\/maraton\/wp-json\/wp\/v2\/pages\/61","targetHints":{"allow":["GET"]}}],"collection":[{"href":"https:\/\/malmokanot.se\/maraton\/wp-json\/wp\/v2\/pages"}],"about":[{"href":"https:\/\/malmokanot.se\/maraton\/wp-json\/wp\/v2\/types\/page"}],"author":[{"embeddable":true,"href":"https:\/\/malmokanot.se\/maraton\/wp-json\/wp\/v2\/users\/1"}],"replies":[{"embeddable":true,"href":"https:\/\/malmokanot.se\/maraton\/wp-json\/wp\/v2\/comments?post=61"}],"version-history":[{"count":8,"href":"https:\/\/malmokanot.se\/maraton\/wp-json\/wp\/v2\/pages\/61\/revisions"}],"predecessor-version":[{"id":441,"href":"https:\/\/malmokanot.se\/maraton\/wp-json\/wp\/v2\/pages\/61\/revisions\/441"}],"up":[{"embeddable":true,"href":"https:\/\/malmokanot.se\/maraton\/wp-json\/wp\/v2\/pages\/30"}],"wp:attachment":[{"href":"https:\/\/malmokanot.se\/maraton\/wp-json\/wp\/v2\/media?parent=61"}],"curies":[{"name":"wp","href":"https:\/\/api.w.org\/{rel}","templated":true}]}}