{"id":365,"date":"2023-03-27T13:55:37","date_gmt":"2023-03-27T13:55:37","guid":{"rendered":"https:\/\/malmokanot.se\/maraton\/?page_id=365"},"modified":"2023-04-03T08:24:22","modified_gmt":"2023-04-03T08:24:22","slug":"frivillig","status":"publish","type":"page","link":"https:\/\/malmokanot.se\/maraton\/frivillig\/","title":{"rendered":"Frivillig"},"content":{"rendered":"\n<p class=\"has-dark-blue-color has-text-color has-medium-font-size\"><strong>K\u00e4ra v\u00e4n eller framtida v\u00e4n av kanot- och kajakpaddling, vi beh\u00f6ver din hj\u00e4lp!<\/strong><\/p>\n\n\n\n<p><strong>Nordiska m\u00e4sterskapen i kanotmaraton \u00e4ger rum 29 april till 1 maj 2023 p\u00e5 Malm\u00f6s underbara kanaler och i Slottsparken.<\/strong> Etableringen och bygget startar dock redan 7 dagar innan. Vi beh\u00f6ver d\u00e4rf\u00f6r mycket h\u00e4nder b\u00e5de f\u00f6re, under och efter eventet.<\/p>\n\n\n\n<p>Vill du vara med och hj\u00e4lpa till? Allt fr\u00e5n fr\u00e5n n\u00e5gra timmar till hela veckan om du har lust. Du kommer f\u00e5 en T-shirt samt mat och dryck n\u00e4r du st\u00e4ller upp som volont\u00e4r. Plus ta del av en h\u00e4rlig gemenskap!<\/p>\n\n\n\n<p>Mer information om eventet finns h\u00e4r p\u00e5 v\u00e5r <a href=\"https:\/\/malmokanot.se\/maraton\/\"><strong>hemsida<\/strong><\/a> alternativt <a href=\"https:\/\/www.facebook.com\/profile.php?id=100090680101105\"><strong>facebook.<\/strong><\/a><br><br><strong><a href=\"https:\/\/forms.gle\/ZcGFziFudzm1NV6Y6\">Mer information om vad du kan g\u00f6ra och anm\u00e4lan sker p\u00e5 l\u00e4nken h\u00e4r<\/a><\/strong>.<\/p>\n\n\n\n<p><strong><a href=\"https:\/\/docs.google.com\/spreadsheets\/d\/1z1lScpYzAp3ltM31_0FRhYuwjUZS_t1hWA4HojLeN7s\/edit?fbclid=IwAR3wfIMg95ABsN2GShZOQnKJRIr-mS2fB0Eb2LFAL9DQbNzhQIQEP8YB9qg#gid=0\">Om du redan vet vad du vill g\u00f6ra kan du skriva upp dig direkt h\u00e4r.<\/a><\/strong><\/p>\n\n\n\n<p><strong>Stort tack till er som vill vara med!<\/strong><\/p>\n\n\n\n<p><br><\/p>\n\n\n\n<div style=\"height:55px\" aria-hidden=\"true\" class=\"wp-block-spacer\"><\/div>\n\n\n\n<figure class=\"wp-block-image size-full\"><img loading=\"lazy\" decoding=\"async\" width=\"1500\" height=\"30\" src=\"https:\/\/malmokanot.se\/maraton\/wp-content\/uploads\/2023\/02\/line.jpg\" alt=\"\" class=\"wp-image-139\" srcset=\"https:\/\/malmokanot.se\/maraton\/wp-content\/uploads\/2023\/02\/line.jpg 1500w, https:\/\/malmokanot.se\/maraton\/wp-content\/uploads\/2023\/02\/line-300x6.jpg 300w, https:\/\/malmokanot.se\/maraton\/wp-content\/uploads\/2023\/02\/line-1024x20.jpg 1024w, https:\/\/malmokanot.se\/maraton\/wp-content\/uploads\/2023\/02\/line-768x15.jpg 768w\" sizes=\"auto, (max-width: 1500px) 100vw, 1500px\" \/><\/figure>\n","protected":false},"excerpt":{"rendered":"<p>K\u00e4ra v\u00e4n eller framtida v\u00e4n av kanot- och kajakpaddling, vi beh\u00f6ver din hj\u00e4lp! Nordiska m\u00e4sterskapen i kanotmaraton \u00e4ger rum 29 april till 1 maj 2023 p\u00e5 Malm\u00f6s underbara kanaler och i Slottsparken. Etableringen och bygget startar dock redan 7 dagar innan. Vi beh\u00f6ver d\u00e4rf\u00f6r mycket h\u00e4nder b\u00e5de f\u00f6re, under och efter eventet. Vill du vara &#8230; <a title=\"Frivillig\" class=\"read-more\" href=\"https:\/\/malmokanot.se\/maraton\/frivillig\/\" aria-label=\"More on Frivillig\">Read more<\/a><\/p>\n","protected":false},"author":1,"featured_media":0,"parent":0,"menu_order":0,"comment_status":"closed","ping_status":"closed","template":"","meta":{"footnotes":""},"class_list":["post-365","page","type-page","status-publish"],"_links":{"self":[{"href":"https:\/\/malmokanot.se\/maraton\/wp-json\/wp\/v2\/pages\/365","targetHints":{"allow":["GET"]}}],"collection":[{"href":"https:\/\/malmokanot.se\/maraton\/wp-json\/wp\/v2\/pages"}],"about":[{"href":"https:\/\/malmokanot.se\/maraton\/wp-json\/wp\/v2\/types\/page"}],"author":[{"embeddable":true,"href":"https:\/\/malmokanot.se\/maraton\/wp-json\/wp\/v2\/users\/1"}],"replies":[{"embeddable":true,"href":"https:\/\/malmokanot.se\/maraton\/wp-json\/wp\/v2\/comments?post=365"}],"version-history":[{"count":3,"href":"https:\/\/malmokanot.se\/maraton\/wp-json\/wp\/v2\/pages\/365\/revisions"}],"predecessor-version":[{"id":393,"href":"https:\/\/malmokanot.se\/maraton\/wp-json\/wp\/v2\/pages\/365\/revisions\/393"}],"wp:attachment":[{"href":"https:\/\/malmokanot.se\/maraton\/wp-json\/wp\/v2\/media?parent=365"}],"curies":[{"name":"wp","href":"https:\/\/api.w.org\/{rel}","templated":true}]}}

<p class="has-dark-blue-color has-text-color has-medium-font-size"><strong>Kära vän eller framtida vän av kanot- och kajakpaddling, vi behöver din hjälp!</strong></p>



<p><strong>Nordiska mästerskapen i kanotmaraton äger rum 29 april till 1 maj 2023 på Malmös underbara kanaler och i Slottsparken.</strong> Etableringen och bygget startar dock redan 7 dagar innan. Vi behöver därför mycket händer både före, under och efter eventet.</p>



<p>Vill du vara med och hjälpa till? Allt från från några timmar till hela veckan om du har lust. Du kommer få en T-shirt samt mat och dryck när du ställer upp som volontär. Plus ta del av en härlig gemenskap!</p>



<p>Mer information om eventet finns här på vår <a href="https://malmokanot.se/maraton/"><strong>hemsida</strong></a> alternativt <a href="https://www.facebook.com/profile.php?id=100090680101105"><strong>facebook.</strong></a><br><br><strong><a href="https://forms.gle/ZcGFziFudzm1NV6Y6">Mer information om vad du kan göra och anmälan sker på länken här</a></strong>.</p>



<p><strong><a href="https://docs.google.com/spreadsheets/d/1z1lScpYzAp3ltM31_0FRhYuwjUZS_t1hWA4HojLeN7s/edit?fbclid=IwAR3wfIMg95ABsN2GShZOQnKJRIr-mS2fB0Eb2LFAL9DQbNzhQIQEP8YB9qg#gid=0">Om du redan vet vad du vill göra kan du skriva upp dig direkt här.</a></strong></p>



<p><strong>Stort tack till er som vill vara med!</strong></p>



<p><br></p>



<div style="height:55px" aria-hidden="true" class="wp-block-spacer"></div>



<figure class="wp-block-image size-full"><img loading="lazy" decoding="async" width="1500" height="30" src="https://malmokanot.se/maraton/wp-content/uploads/2023/02/line.jpg" alt="" class="wp-image-139" srcset="https://malmokanot.se/maraton/wp-content/uploads/2023/02/line.jpg 1500w, https://malmokanot.se/maraton/wp-content/uploads/2023/02/line-300x6.jpg 300w, https://malmokanot.se/maraton/wp-content/uploads/2023/02/line-1024x20.jpg 1024w, https://malmokanot.se/maraton/wp-content/uploads/2023/02/line-768x15.jpg 768w" sizes="auto, (max-width: 1500px) 100vw, 1500px" /></figure>

<p>Kära vän eller framtida vän av kanot- och kajakpaddling, vi behöver din hjälp! Nordiska mästerskapen i kanotmaraton äger rum 29 april till 1 maj 2023 på Malmös underbara kanaler och i Slottsparken. Etableringen och bygget startar dock redan 7 dagar innan. Vi behöver därför mycket händer både före, under och efter eventet. Vill du vara &#8230; <a title="Frivillig" class="read-more" href="https://malmokanot.se/maraton/frivillig/" aria-label="More on Frivillig">Read more</a></p>
